2cd22 (base 15) in base 9?
-240445
What is 5d7bb (base 15) in base 2?
1001000111011111111
What is a9b58 (base 14) in base 6?
12451110
-348386 (base 10) to base 5
-42122021
3213311310 (base 4) to base 8
3476564
What is -22d4ad (base 14) in base 11?
-742420
197420 (base 10) to base 7
1451366
Convert -87a32 (base 13) to base 12.
-ba166
10535 (base 7) to base 15
bd2
What is -100212010 (base 4) in base 15?
-15217
Convert 157675 (base 11) to base 14.
650bb
Convert -1100101001011010 (base 2) to base 5.
-3124202
Convert 85b152 (base 12) to base 4.
20010000032
3230578 (base 10) to base 4
30110231302
-1265696 (base 10) to base 11
-794a33
What is 4c3a50 (base 16) in base 6?
255024024
What is -42e24 (base 15) in base 14?
-575bc
Convert 3035244 (base 10) to base 11.
1793473
What is -21000211222 (base 3) in base 16?
-21ca1
What is 64a1a99 (base 11) in base 6?
1044454313
-49483 (base 12) to base 16
-18363
-3a39b (base 13) to base 9
-174480
-23104024 (base 6) to base 3
-1022222212121
Convert 7805732 (base 9) to base 13.
b3c288
What is 112421203 (base 5) in base 9?
862871
What is 207731 (base 9) in base 13?
4446a
-2ba4b (base 14) to base 11
-74a20
-5188 (base 15) to base 8
-41514
810b09 (base 12) to base 3
10210021022000
-452055 (base 6) to base 10
-38051
Convert -2b605 (base 12) to base 9.
-103135
Convert -20442303 (base 5) to base 14.
-46758
Convert -22032101303 (base 4) to base 5.
-1141224143
What is -224b63 (base 13) in base 11?
-503990
Convert -ac9af (base 16) to base 13.
-1b9a4c
-10211122000 (base 3) to base 2
-10010011100011010
Convert -122214320 (base 5) to base 16.
-8ef71
What is 1011011101100000011010 (base 2) in base 10?
3004442
Convert -7857065 (base 9) to base 5.
-2040333241
-46892 (base 16) to base 5
-33221124
What is -155442 (base 6) in base 3?
-210021022
What is 3212342 (base 5) in base 9?
82177
What is 2389b0 (base 13) in base 2?
11001110111010010101
What is 57969 (base 11) in base 7?
465661
-1000012002111211 (base 3) to base 8
-67075001
What is -134102005 (base 6) in base 5?
-1143324021
-27032642 (base 8) to base 15
-7e57e7
-9c49a0 (base 13) to base 12
-12a2248
-46936 (base 14) to base 3
-22201212011
16a706 (base 11) to base 9
440758
Convert 1010243 (base 8) to base 13.
94347
2771366 (base 9) to base 16
173df0
What is 16a503 (base 13) in base 9?
1051617
-3a718 (base 11) to base 16
-e2f3
Convert 3297195 (base 12) to base 6.
542533105
70172654 (base 8) to base 5
12233233311
-2020322003 (base 4) to base 6
-20004055
-2571a9 (base 11) to base 3
-202120100222
Convert 5410410 (base 6) to base 16.
40e66
What is -190831 (base 10) in base 6?
-4031251
Convert 64a31 (base 13) to base 7.
1355163
102211100010101 (base 3) to base 16
5fe8d9
-41801 (base 10) to base 6
-521305
What is 1be4a (base 16) in base 12?
5614a
What is -125283 (base 9) in base 14?
-1da05
-364748 (base 11) to base 15
-b6067
Convert -56b02 (base 12) to base 5.
-12200014
4337a (base 16) to base 12
1133b6
What is 139318 (base 11) in base 13?
77c01
What is 2221021101 (base 5) in base 7?
56213234
Convert -311232 (base 6) to base 16.
-6164
What is 15e3a2 (base 15) in base 8?
4027341
-168b5 (base 12) to base 11
-22379
-13301525 (base 10) to base 5
-11401122100
What is -902649 (base 11) in base 12?
-5a0970
What is 10101212020 (base 3) in base 14?
1a594
What is -245508 (base 9) in base 12?
-71a68
-41201405 (base 6) to base 2
-100100000101001101101
What is -182399 (base 10) in base 12?
-8967b
Convert 22220100112 (base 3) to base 9.
286315
What is 1000101000001111100 (base 2) in base 10?
282748
Convert 1100000011010101 (base 2) to base 10.
49365
a65d7 (base 16) to base 15
d6d8b
-787ba (base 13) to base 16
-356d7
-993 (base 11) to base 7
-3321
Convert 2200221201 (base 3) to base 4.
30332332
Convert 55304025 (base 6) to base 3.
10010012012122
Convert -3215010 (base 6) to base 9.
-260536
Convert -112220021101100 (base 3) to base 6.
-441413100
-20222101222 (base 3) to base 6
-2535512
Convert -42344103 (base 5) to base 13.
-c6155
757710 (base 9) to base 10
451827
Convert -543240 (base 11) to base 8.
-3237402
What is -327a0 (base 13) in base 4?
-112103332
What is 589a67 (base 12) in base 15?
1d2cb4
Convert -22201122201 (base 3) to base 8.
-517421
-134235120 (base 6) to base 8
-12315330
Convert 43212250 (base 7) to base 8.
16033161
What is 224546 (base 9) in base 2?
100000110110110111
Convert -7ea0b0 (base 15) to base 6.
-333503350
-40041243 (base 6) to base 5
-242001433
Convert -44250 (base 10) to base 14.
-121aa
-1140423 (base 9) to base 5
-124221304
Convert -98538 (base 10) to base 3.
-12000011120
Convert 592a66 (base 11) to base 4.
3211232220
Convert 131010233 (base 4) to base 5.
12302322
1355ba (base 12) to base 2
1001110010000011110
11ccf (base 16) to base 8
216317
Convert 10a5147 (base 13) to base 8.
23427060
-16423 (base 15) to base 14
-1c252
100112002220 (base 3) to base 13
6740a
What is -11284 (base 16) in base 8?
-211204
Convert ae846 (base 16) to base 2.
10101110100001000110
What is 264da6 (base 14) in base 9?
2431400
130213123 (base 4) to base 10
117211
Convert 1402b7 (base 12) to base 10.
332203
Convert 13502577 (base 8) to base 3.
12201220012200
-2644424 (base 7) to base 13
-c2129
Convert 306885 (base 10) to base 11.
19a627
What is -123291 (base 11) in base 16?
-2f86c
What is -110546445 (base 7) in base 2?
-11001011111111001101110
Convert 100111001000111 (base 2) to base 16.
4e47
Convert -11030302103 (base 4) to base 10.
-1363091
4401537 (base 8) to base 10
1180511
What is -311746 (base 11) in base 5?
-112000042
Convert -114332515 (base 6) to base 3.
-11002110012002
What is 2000015 (base 7) in base 6?
5013222
What is -41a1b (base 12) in base 7?
-506060
340266 (base 12) to base 11
51749a
111301233 (base 5) to base 11
30811a
Convert -106549 (base 10) to base 9.
-172137
Convert -4a887a (base 11) to base 15.
-10cacc
-2454329 (base 11) to base 12
-1518a89
Convert 146520536 (base 7) to base 13.
2070272
Convert -1100101000000101001011 (base 2) to base 10.
-3309899
Convert 135016406 (base 7) to base 4.
201223112300
What is 1777140 (base 8) in base 16?
7fe60
-1d5025 (base 15) to base 4
-11132030222
What is -43016053 (base 8) in base 11?
-5201841
-1101121110112 (base 3) to base 15
-e9518
455271 (base 10) to base 3
212010111220
What is -b78b (base 15) in base 16?
-97af
112221211111 (base 3) to base 5
33410034
Convert 2413313021 (base 5) to base 2.
10101011000001100101000
135 (base 14) to base 6
1043
What is -1273562 (base 13) in base 2?
-10110000010010111000110
113362226 (base 7) to base 14
d05786
What is -236089 (base 12) in base 7?
-4563546
Convert 3866d0 (base 14) to base 4.
13121102332
-31430024 (base 6) to base 9
-1654017
What is 1ed6 (base 15) in base 9?
10203
Convert -253147 (base 8) to base 4.
-111121213
940ba4 (base 12) to base 15
30d97a
What is 101484 (base 10) in base 11?
6a279
323020230 (base 4) to base 5
30222340
-10000110010011100011 (base 2) to base 14
-10469d
Convert -1574544 (base 8) to base 9.
-765864
-87722 (base 10) to base 15
-1aed2
-300221315 (base 6) to base 3
-100111221100102
What is 6881604 (base 9) in base 13?
a00a98
What is -6a0574 (base 11) in base 8?
-4176472
54968 (base 10) to base 16
d6b8
What is 143601 (base 12) in base 2?
1010010011110100001
Convert 30602 (base 12) to base 3.
10012112002
Convert -5ed9e (base 15) to base 12.
-127735
What is -2021210100 (base 3) in base 11?
-30930
-4ed12c (base 15) to base 4
-32131120320
102211020 (base 4) to base 16
12948
Convert 2527463 (base 8) to base 9.
1276452
What is -212321212 (base 4) in base 12?
-7825a
What is -6c204 (base 13) in base 12?
-96760
What is 207520 (base 8) in base 14?
1b452
What is -25400e (base 15) in base 16?
-1b3e2d
-a898 (base 16) to base 8
-124230
Convert -1006095 (base 12) to base 16.
-2db8f1
234121240 (base 5) to base 10
1082695
What is -2102011122210 (base 3) in base 9?
-2364583
-145115 (base 11) to base 12
-ab033
What is -111001001010111011011 (base 2) in base 16?
-1c95db
What is -1000101111110000 (base 2) in base 11?
-24a08
Convert -60916 (base 10) to base 9.
-102504
-a20a (base 12) to base 3
-220010001
Convert 2622a6 (base 11) to base 15.
82563
What is -75752140 (base 8) in base 15?
-165c590
-302000122 (base 6) to base 10
-5132210
-140335 (base 6) to base 8
-31443
Convert 27270573 (base 8) to base 1